{"id":547,"date":"2024-09-23T23:06:53","date_gmt":"2024-09-23T21:06:53","guid":{"rendered":"http:\/\/apelstvincent.fr\/?page_id=547"},"modified":"2024-10-22T22:05:57","modified_gmt":"2024-10-22T20:05:57","slug":"assemblee-generale","status":"publish","type":"page","link":"http:\/\/apelstvincent.fr\/index.php\/assemblee-generale\/","title":{"rendered":"Assembl\u00e9e G\u00e9n\u00e9rale"},"content":{"rendered":"<div class=\"post-content\">\n<p><\/p>\n\n\n\n<p><\/p>\n\n\n\n<h2 class=\"wp-block-heading\">Assembl\u00e9e G\u00e9n\u00e9rale Ordinaire<\/h2>\n\n\n\n<p><\/p>\n\n\n\n<p>L\u2019Assembl\u00e9e G\u00e9n\u00e9rale Ordinaire est au c\u0153ur de la vie associative d\u2019une Apel. Elle accueille l\u2019ensemble de ses adh\u00e9rents pour rendre compte des actions pass\u00e9es, pr\u00e9senter les actions futures et \u00e9lire les membres du Conseil d\u2019Administration, organe d\u00e9cisionnaire de l\u2019association.<\/p>\n\n\n\n<h2 class=\"wp-block-heading\">Assembl\u00e9e G\u00e9n\u00e9rale Extraordinaire<\/h2>\n\n\n\n<p>L\u2019Assembl\u00e9e G\u00e9n\u00e9rale Extraordinaire r\u00e9unit l\u2019ensemble des (futurs) adh\u00e9rents pour cr\u00e9er l\u2019association, renouveler ses statuts et voter une \u00e9ventuelle dissolution. Elle sert \u00e0 d\u00e9terminer le cadre l\u00e9gal du fonctionnement de l\u2019association.<\/p>\n\n\n\n<ul class=\"wp-block-list\">\n<li><a href=\"https:\/\/drive.google.com\/file\/d\/1c7qrqRp3iNnB7y9sWAUPS9gvwaNpnzxs\/view?usp=sharing\" data-type=\"link\" data-id=\"https:\/\/drive.google.com\/drive\/u\/3\/folders\/127niMwQn_lV3KLamKmKnKilv4jOEqwmr\" target=\"_blank\" rel=\"noreferrer noopener\">Proc\u00e8s verbal AGE 18 Septembre 2024<\/a><\/li>\n<\/ul>\n\n\n\n<p><\/p>\n<\/div>","protected":false},"excerpt":{"rendered":"<p>Assembl\u00e9e G\u00e9n\u00e9rale Ordinaire L\u2019Assembl\u00e9e G\u00e9n\u00e9rale Ordinaire est au c\u0153ur de la vie associative d\u2019une Apel. Elle accueille l\u2019ensemble de ses<\/p>\n","protected":false},"author":1,"featured_media":0,"parent":0,"menu_order":0,"comment_status":"closed","ping_status":"closed","template":"","meta":{"footnotes":""},"class_list":["post-547","page","type-page","status-publish","hentry"],"_links":{"self":[{"href":"http:\/\/apelstvincent.fr\/index.php\/wp-json\/wp\/v2\/pages\/547","targetHints":{"allow":["GET"]}}],"collection":[{"href":"http:\/\/apelstvincent.fr\/index.php\/wp-json\/wp\/v2\/pages"}],"about":[{"href":"http:\/\/apelstvincent.fr\/index.php\/wp-json\/wp\/v2\/types\/page"}],"author":[{"embeddable":true,"href":"http:\/\/apelstvincent.fr\/index.php\/wp-json\/wp\/v2\/users\/1"}],"replies":[{"embeddable":true,"href":"http:\/\/apelstvincent.fr\/index.php\/wp-json\/wp\/v2\/comments?post=547"}],"version-history":[{"count":9,"href":"http:\/\/apelstvincent.fr\/index.php\/wp-json\/wp\/v2\/pages\/547\/revisions"}],"predecessor-version":[{"id":566,"href":"http:\/\/apelstvincent.fr\/index.php\/wp-json\/wp\/v2\/pages\/547\/revisions\/566"}],"wp:attachment":[{"href":"http:\/\/apelstvincent.fr\/index.php\/wp-json\/wp\/v2\/media?parent=547"}],"curies":[{"name":"wp","href":"https:\/\/api.w.org\/{rel}","templated":true}]}}